se -110 = 8*d - 13*d. Let h = d + -10. Calculate the greatest common divisor of 12 and h.
12
Let b(g) = -g + 4*g + 8 - 3 - 3*g**2. Let x be b(4). Let p = x - -47. What is the greatest common divisor of p and 32?
16
Let a be 8 - ((-12)/3)/(-2). Calculate the highest common divisor of a and 12.
6
Suppose 28 + 8 = 4*v. Calculate the highest common factor of v and 6.
3
Let i = 0 - -2. Suppose 5*m + 12 = 3*p - 17, -i*p - m = -41. Suppose 630 = 164*l - 159*l. What is the highest common factor of l and p?
18
Let v be (-3 + 2 + -2)*(-770)/21. Calculate the highest common factor of v and 10.
10
Suppose 49 - 16 = 3*a. Suppose -2*n + 52 + 124 = 0. What is the highest common factor of a and n?
11
Suppose -2*y = -4*i + 2*y, 5 = 5*i - 4*y. Suppose -b - 72 = -i*b. Let t = -26 - -44. Calculate the highest common factor of b and t.
18
Let l be (-3)/7 - (584/(-56) - -4). What is the greatest common divisor of l and 12?
6
Let m be 0/(4 + (0 - 3)). Let k(s) = s + 4. Let y be k(m). What is the highest common factor of y and 32?
4
Let v = -70 - -130. Suppose 1 = 5*s - 9. Suppose 0 = s*d + 6 - 30. Calculate the highest common divisor of d and v.
12
Suppose -3*b - 253 = -o, -49 = -o - 4*b + 169. Calculate the greatest common factor of o and 14.
14
Let y(s) = -s - 6. Let z be y(-8). Let c = 1 + z. Let m = -2 + c. What is the highest common divisor of m and 1?
1
Let g be 4/(12/27) - -1. Let d(q) = -2*q + 12. Let o be d(1). What is the highest common divisor of o and g?
10
Let y(s) be the first derivative of s**3/3 + 4*s**2 - 7*s + 2. Let b be y(6). Calculate the greatest common factor of 7 and b.
7
Let h(b) = b**3 + 16*b**2 - 4*b + 8. Let l be h(-16). Calculate the greatest common divisor of 8 and l.
8
Let g(a) be the second derivative of -2*a**3 + a**2/2 - 2*a. Let q be g(5). Let x = q - -84. What is the highest common factor of x and 5?
5
Suppose 5*w - 4*w = 4. Suppose w*i = 10 + 6. Calculate the highest common divisor of i and 2.
2
Let q be 100/(-6)*39/(-26). Calculate the greatest common divisor of q and 15.
5
Let g be 3 + (-6)/(6/(-2)). Suppose 2*p + 27 - 8 = 5*k, 3*p + g*k = 34. What is the greatest common divisor of p and 33?
3
Let q be (-14 - -12 - -3*1) + 2. Let r be 1/(-5) + (-18)/(-15). Calculate the greatest common divisor of r and q.
1
Let m = -17 - -30. What is the highest common factor of m and 26?
13
Suppose -b - 2 = -6. Suppose -b*v + h + 42 = -2*h, -5*h = -5*v + 50. Suppose -2*y = -y - 4. What is the greatest common factor of y and v?
4
Let t(x) = 2*x**3 + 2*x**2 - x - 4. Let k be (-88)/(-32) + 2/8. Let b be t(k). What is the highest common divisor of b and 13?
13
Let q(k) be the third derivative of k**5/60 + 15*k**3 - 4*k**2. Let z be q(0). Calculate the greatest common divisor of z and 18.
18
Let o(l) = 2*l**3 + l**2 - l + 3. Let p be o(2). What is the highest common divisor of 168 and p?
21
Let p be (6/9)/(862/(-432) + 2). Calculate the highest common divisor of p and 8.
8
Let d be 56*((-21)/(-12) - 1). Suppose -2*y + d = 8. Let z(v) = 12*v**2 - 3*v + 3. Let m be z(3). What is the highest common factor of m and y?
17
Let g be 1/(-3) - (-48)/9. Let m = -3 + g. Let x be (1/1 - m) + 2. Calculate the greatest common divisor of 2 and x.
1
Let v(s) = -s**2 - s + 5. Let m be v(-6). Let y = -11 - m. Calculate the highest common factor of y and 126.
14
Suppose -2*d + 2*b + 95 = 19, 0 = d + 5*b - 44. Let i = 37 + -11. What is the greatest common factor of d and i?
13
Suppose 40*m - 864 = 36*m. Calculate the highest common divisor of 27 and m.
27
Let y(r) = 3*r**2 + 5 - 5 - r. Let g be y(2). Calculate the highest common divisor of g and 5.
5
Let o be 6/9 - 52/6. Let v = -19 - -5. Let t be (v/(-3))/(o/(-12)). Calculate the greatest common factor of 35 and t.
7
Suppose 4*i = 8*i + 36. Let k be 2/((i/156)/(-3)). Calculate the highest common factor of k and 13.
13
Let o(w) be the second derivative of -w**3/6 - 3*w. Let i be o(-5). Calculate the greatest common factor of i and 25.
5
Let a(b) = b**2 - b. Let i be a(4). What is the highest common factor of i and 30?
6
Suppose -2*a + 0*a - 505 = -5*v, -4*v + 4*a + 404 = 0. Suppose z - 248 = -v. Let w = 378 - z. What is the highest common factor of 21 and w?
21
Suppose -3*b - 4*l = -2841, -5*b + b = -5*l - 3819. Suppose -5*i + b = r, 0 = 4*i + 5*r - 0*r - 765. Calculate the highest common divisor of i and 19.
19
Suppose 5*k - 6 = 9. Suppose k*t - t - p - 15 = 0, 4*p + 25 = t. Suppose -i = -t - 3. What is the greatest common factor of 64 and i?
8
Let h(q) = -q + 15. Suppose -9 - 2 = m. Let v be h(m). What is the greatest common factor of 65 and v?
13
Suppose -3*k + 4*k = 3. Suppose 3*y + o - k = 0, -3*o = 5*y - o - 6. Suppose x + y*x = 1. Calculate the highest common factor of x and 11.
1
Suppose 2*o - 6*o + 64 = 0. Let t(m) = 41*m**2 - 2*m + 1. Let g be t(1). Calculate the greatest common divisor of o and g.
8
Let l = 5 + -3. Suppose -4 = 6*s - l*s - p, -2*p - 10 = s. Let j be 0/(-4) - (-9 + s). Calculate the greatest common factor of j and 77.
11
Let x be (-51)/(-7) + 4/(-14). Let i(y) = y**3 - 14*y**2 + 18*y - 9. Let j be i(13). Calculate the highest common divisor of j and x.
7
Suppose 4*h + 12 - 36 = 0. Let o be 1 + 0 + (-98)/(-7) - 0. Calculate the highest common divisor of h and o.
3
Let j be (0 - -1) + 2 + 35. Calculate the greatest common factor of j and 95.
19
Suppose 5*y = -0*y - 20. Let j(f) = -3*f + 4. Let k be j(y). Let l be (-11)/(-4) + 4/k. What is the greatest common factor of 12 and l?
3
Let i be 4*2/((-16)/(-10)). Suppose -r + 2148 = -4*r. Let n be 4/(-5) - r/20. Calculate the greatest common factor of i and n.
5
Suppose -2*p = 3*p - 5. Suppose 0*l = -2*l + 2. Let h = 8 + l. Calculate the highest common divisor of p and h.
1
Let q(j) = 0*j - j - 3 - 1. Let f be q(-3). Let n be 2*f/(-2) + 9. What is the greatest common divisor of 2 and n?
2
Let b(y) = 12*y**2 - y - 3*y**2 + 9*y**2. Let v be b(2). Suppose 65 = 4*z - 5*r, 3*z - 6*z + 55 = -5*r. Calculate the greatest common divisor of v and z.
10
Suppose -c - 10 + 24 = 0. What is the greatest common divisor of 2 and c?
2
Let j(w) = 3*w**3 - 2*w**2. Let m be j(2). Let c = 20 + 44. Suppose n - 2*n = -c. What is the greatest common factor of n and m?
16
Let z = 11 - 1. Let d(v) = -24*v + 1. Let p be d(-1). Calculate the highest common factor of z and p.
5
Let n(k) = -k**3 + k**2 - 3*k + 3. Let i be n(-3). What is the highest common factor of 24 and i?
24
Suppose z = -3*z + 32. Suppose -j + q + z = 0, j + 17 = -q - 3*q. Suppose -47 = -4*o - j. What is the highest common divisor of 44 and o?
11
Suppose 0*p + 8 = 4*p. Let d be 0 - -1*6/p. Suppose 0 = 4*o - f - 48, -5*o + 99 = 3*f + 39. What is the highest common divisor of d and o?
3
Let s be (20/(-6))/((-4)/12). Suppose -2*y - 4 + s = 0. Suppose 0 = -y*m + m + 104. What is the greatest common divisor of m and 13?
13
Let k = -154 - -172. Let y(u) = u**3 + u**2 + 3*u - 3. Let f be y(5). Calculate the greatest common divisor of k and f.
18
Let q = 117 + -79. Calculate the greatest common divisor of 95 and q.
19
Let p(h) = 45 + 52 - h**2 + 63. Let y be p(0). Suppose y = 4*r - 2*r. What is the greatest common divisor of 10 and r?
10
Let a be (4/(-5))/(13/(-1625)). Calculate the highest common factor of a and 40.
20
Suppose k + 3*k - 111 = -3*x, 5*x - 3*k = 156. What is the highest common divisor of x and 3?
3
Suppose 5 + 37 = s. Suppose -22 = -3*m + 17. Suppose 0 = 2*z - 41 + m. What is the greatest common factor of z and s?
14
Let c be 1 + (-3 - (-3 + -3)). Suppose 0 = c*l - 18 - 22. Calculate the greatest common divisor of 30 and l.
10
Let u(i) = 99*i - 1. Let n be u(1). Calculate the highest common divisor of n and 14.
14
Let c = -1 - 4. Let z be (5/c)/(1/(-5)). What is the greatest common factor of 45 and z?
5
Let s(c) = 125*c - 5. Let w be s(3). Suppose -2*q - p + 159 = -0*p, -5*q + w = -3*p. Calculate the highest common divisor of q and 7.
7
Let x(p) = p**3 - 3. Let w be x(3). Let r(j) = 4*j - 3. Let b be r(2). Suppose 3*d - 4*i = 9, b*i = -d - 0 + 3. What is the highest common divisor of w and d?
3
Suppose z + 3*z = -40. Let g be z/(-25) - (-38)/5. What is the greatest common factor of g and 88?
8
Let h = -25 + 40. Suppose 3*j - 321 = h. Let z = -49 - -65. Calculate the highest common divisor of z and